divided by 767?
757
What is the remainder when 215525 is divided by 339?
260
Calculate the remainder when 52777 is divided by 1437.
1045
What is the remainder when 177394 is divided by 12292?
5306
Calculate the remainder when 141250 is divided by 44.
10
What is the remainder when 76780 is divided by 10209?
5317
What is the remainder when 13865882 is divided by 729783?
5
What is the remainder when 10186648 is divided by 3395546?
10
Calculate the remainder when 1360460 is divided by 453429.
173
Calculate the remainder when 34630805 is divided by 114.
113
Calculate the remainder when 33602 is divided by 13986.
5630
What is the remainder when 3054646 is divided by 116?
18
What is the remainder when 22957004 is divided by 178?
166
Calculate the remainder when 1104425 is divided by 3.
2
What is the remainder when 65128331 is divided by 24?
11
Calculate the remainder when 3536662 is divided by 221041.
6
What is the remainder when 111608 is divided by 3818?
886
Calculate the remainder when 863695 is divided by 2555.
105
Calculate the remainder when 4479 is divided by 3517.
962
What is the remainder when 247963 is divided by 9533?
105
Calculate the remainder when 75723 is divided by 4806.
3633
What is the remainder when 146823 is divided by 68689?
9445
Calculate the remainder when 6950642 is divided by 2121.
125
Calculate the remainder when 1245440 is divided by 1280.
0
What is the remainder when 4400 is divided by 1107?
1079
What is the remainder when 35744 is divided by 204?
44
Calculate the remainder when 475270 is divided by 134.
106
What is the remainder when 81878993 is divided by 27292997?
2
What is the remainder when 26640962 is divided by 23?
16
Calculate the remainder when 1352075 is divided by 2284.
2231
Calculate the remainder when 1352520 is divided by 680.
0
Calculate the remainder when 230350404 is divided by 9241.
9238
Calculate the remainder when 4618023 is divided by 23.
14
Calculate the remainder when 3281436 is divided by 1168.
524
What is the remainder when 85573 is divided by 37777?
10019
Calculate the remainder when 3740987 is divided by 355.
352
What is the remainder when 275666 is divided by 6?
2
What is the remainder when 18256057 is divided by 450?
7
Calculate the remainder when 3431183 is divided by 1143.
1040
Calculate the remainder when 28565208 is divided by 1904347.
3
Calculate the remainder when 4431175 is divided by 377.
294
Calculate the remainder when 222963 is divided by 407.
334
Calculate the remainder when 378286 is divided by 3821.
7
What is the remainder when 273311 is divided by 30363?
44
Calculate the remainder when 62148 is divided by 20354.
1086
Calculate the remainder when 39328 is divided by 12984.
376
What is the remainder when 8729897 is divided by 302?
285
Calculate the remainder when 196441633 is divided by 18.
1
Calculate the remainder when 446555 is divided by 148531.
962
What is the remainder when 76511375 is divided by 36?
35
Calculate the remainder when 122394379 is divided by 84.
79
Calculate the remainder when 16872 is divided by 16856.
16
Calculate the remainder when 3148137 is divided by 227.
101
Calculate the remainder when 780667929 is divided by 1518.
1515
Calculate the remainder when 22006471 is divided by 916936.
7
What is the remainder when 1729321 is divided by 345846?
91
What is the remainder when 5823735 is divided by 6222?
6165
What is the remainder when 3532882 is divided by 3532876?
6
Calculate the remainder when 270883 is divided by 270872.
11
Calculate the remainder when 146141 is divided by 123.
17
Calculate the remainder when 1468925 is divided by 18361.
45
Calculate the remainder when 241222 is divided by 14.
2
Calculate the remainder when 398099 is divided by 79608.
59
Calculate the remainder when 187630 is divided by 1015.
870
What is the remainder when 74791 is divided by 1475?
1041
What is the remainder when 10810850 is divided by 1665?
5
What is the remainder when 2883 is divided by 1866?
1017
What is the remainder when 52504829 is divided by 7163?
39
Calculate the remainder when 1250122 is divided by 233.
77
Calculate the remainder when 49888888 is divided by 519.
13
What is the remainder when 101984 is divided by 34?
18
Calculate the remainder when 23531787 is divided by 218.
213
Calculate the remainder when 70336 is divided by 6392.
24
Calculate the remainder when 25445047 is divided by 296.
295
What is the remainder when 748541 is divided by 32541?
98
What is the remainder when 16369918 is divided by 168?
166
Calculate the remainder when 821394 is divided by 18230.
1044
What is the remainder when 51882158 is divided by 760?
758
Calculate the remainder when 9655036 is divided by 77863.
24
Calculate the remainder when 254809216 is divided by 84936401.
13
What is the remainder when 43640 is divided by 11969?
7733
What is the remainder when 12734 is divided by 851?
820
Calculate the remainder when 4859443 is divided by 85.
78
What is the remainder when 18866870 is divided by 298?
192
Calculate the remainder when 2340903 is divided by 1170166.
571
Calculate the remainder when 3928795 is divided by 1276.
1267
What is the remainder when 97609182 is divided by 28?
6
Calculate the remainder when 744665 is divided by 188.
185
What is the remainder when 639094 is divided by 150?
94
What is the remainder when 1774495 is divided by 44362?
15
Calculate the remainder when 145421 is divided by 48473.
2
What is the remainder when 36174900 is divided by 1166931?
39
What is the remainder when 24018267 is divided by 6004561?
23
Calculate the remainder when 2284070 is divided by 11713.
35
What is the remainder when 5106974 is divided by 360?
14
What is the remainder when 4668899 is divided by 3265?
3214
What is the remainder when 9107696 is divided by 182?
52
Calculate the remainder when 2110738 is divided by 527678.
26
Calculate the remainder when 63442 is divided by 62341.
1101
Calculate the remainder when 9455799 is divided by 48.
39
What is the remainder when 60554521 is divided by 34?
11
What is the remainder when 5559211 is divided by 617690?
1
Calculate the remainder when 85455 is divided by 26.
19
Calculate the remainder when 304554 is divided by 38065.
34
Calculate the remainder when 2523281 is divided by 360446.
159
What is the remainder when 5329689 is divided by 617?
43
What is the remainder when 45285 is divided by 22386?
513
What is the remainder when 48323465 is divided by 1949?
1908
Calculate the remainder when 414573 is divided by 1071.
96
Calculate the remainder when 5066 is divided by 4289.
777
Calculate the remainder when 142039 is divided by 42.
37
What is the remainder when 392591 is divided by 225?
191
What is the remainder when 9777001 is divided by 3026?
3021
What is the remainder when 1107453106 is divided by 2571?
2569
Calculate the remainder when 94855548 is divided by 9316.
36
What is the remainder when 57138448 is divided by 481?
458
What is the remainder when 5227833 is divided by 1476?
1317
What is the remainder when 125426435 is divided by 8124?
8123
Calculate the remainder when 42445 is divided by 2634.
301
Calculate the remainder when 242485 is divided by 161.
19
What is the remainder when 1192843 is divided by 108434?
69
What is the remainder when 456080 is divided by 99?
86
What is the remainder when 2434642 is divided by 37?
5
What is the remainder when 34006 is divided by 2644?
2278
What is the remainder when 429287 is divided by 2717?
1
What is the remainder when 22311 is divided by 7260?
531
Calculate the remainder when 23259599 is divided by 312.
311
What is the remainder when 8292 is divided by 143?
141
What is the remainder when 9325184 is divided by 9325072?
112
Calculate the remainder when 7949484 is divided by 18026.
18
What is the remainder when 199283 is divided by 348?
227
Calculate the remainder when 1120624 is divided by 160018.
498
Calculate the remainder when 59612 is divided by 633.
110
Calculate the remainder when 31086 is divided by 6190.
136
What is the remainder when 1789044 is divided by 223626?
36
What is the remainder when 238273 is divided by 90?
43
Calculate the remainder when 21535243 is divided by 206.
3
What is the remainder when 33587556 is divided by 16793771?
14
Calculate the remainder when 113592 is divided by 228